{"id":7919,"date":"2021-03-16T11:14:11","date_gmt":"2021-03-16T10:14:11","guid":{"rendered":"https:\/\/fgv-rental.de\/?page_id=7919"},"modified":"2021-03-30T16:44:27","modified_gmt":"2021-03-30T14:44:27","slug":"canon-eos-c300-mark-ii-pl-s35-d","status":"publish","type":"page","link":"https:\/\/fgv-rental.de\/index.php\/canon-eos-c300-mark-ii-pl-s35-d\/","title":{"rendered":"Canon EOS C300 Mark II PL S35 &#8211; D"},"content":{"rendered":"\t\t<div data-elementor-type=\"wp-page\" data-elementor-id=\"7919\" class=\"elementor elementor-7919\" data-elementor-post-type=\"page\">\n\t\t\t\t\t\t<section class=\"elementor-section elementor-top-section elementor-element elementor-element-6913981 elementor-section-boxed elementor-section-height-default elementor-section-height-default\" data-id=\"6913981\" data-element_type=\"section\">\n\t\t\t\t\t\t<div class=\"elementor-container elementor-column-gap-default\">\n\t\t\t\t\t<div class=\"elementor-column elementor-col-50 elementor-top-column elementor-element elementor-element-0c9006b\" data-id=\"0c9006b\" data-element_type=\"column\">\n\t\t\t<div class=\"elementor-widget-wrap elementor-element-populated\">\n\t\t\t\t\t\t<div class=\"elementor-element elementor-element-0cc9f87 elementor-widget elementor-widget-text-editor\" data-id=\"0cc9f87\" data-element_type=\"widget\" data-widget_type=\"text-editor.default\">\n\t\t\t\t<div class=\"elementor-widget-container\">\n\t\t\t\t\t\t\t<p><img fetchpriority=\"high\" decoding=\"async\" class=\"alignnone wp-image-7923 size-full\" src=\"https:\/\/fgv-rental.de\/wp-content\/uploads\/Canon-C300-MKII-PL.png\" alt=\"\" width=\"399\" height=\"400\" srcset=\"https:\/\/fgv-rental.de\/wp-content\/uploads\/Canon-C300-MKII-PL.png 399w, https:\/\/fgv-rental.de\/wp-content\/uploads\/Canon-C300-MKII-PL-300x300.png 300w, https:\/\/fgv-rental.de\/wp-content\/uploads\/Canon-C300-MKII-PL-150x150.png 150w, https:\/\/fgv-rental.de\/wp-content\/uploads\/Canon-C300-MKII-PL-100x100.png 100w\" sizes=\"(max-width: 399px) 100vw, 399px\" \/><\/p><pre><strong>Canon EOS C300 Mark II PL S35\u00a0<\/strong><br \/><br \/>3 Akkus<br \/>1 Ladeger\u00e4t<br \/>Arri Support<br \/>2x 128 GB<\/pre>\t\t\t\t\t\t<\/div>\n\t\t\t\t<\/div>\n\t\t\t\t\t<\/div>\n\t\t<\/div>\n\t\t\t\t<div class=\"elementor-column elementor-col-50 elementor-top-column elementor-element elementor-element-5705c92\" data-id=\"5705c92\" data-element_type=\"column\">\n\t\t\t<div class=\"elementor-widget-wrap elementor-element-populated\">\n\t\t\t\t\t\t<div class=\"elementor-element elementor-element-49755a2 elementor-widget elementor-widget-text-editor\" data-id=\"49755a2\" data-element_type=\"widget\" data-widget_type=\"text-editor.default\">\n\t\t\t\t<div class=\"elementor-widget-container\">\n\t\t\t\t\t\t\t<p>4K-Bildqualit\u00e4t \/ 10 Bit (4:2:2) \/ ISO bis 102.400 \/ XF-AVC H.264-Codecs<\/p><p><strong>Features:<\/strong><br \/>&#8211; Interne 4K-Aufzeichnung in hoher Bitrate, externe 4K-RAW-Aufzeichnung<br \/>&#8211; Dateien mit gro\u00dfem Dynamikumfang &#8211; ideal f\u00fcr die Postproduktion<br \/>&#8211; Nahtlose Integration in professionelle Workflows<br \/>&#8211; Zahlreiche Automatikfunktionen f\u00fcr die m\u00fchelose Bedienung durch unabh\u00e4ngige Ein-Mann-Teams<br \/>&#8211; Low-Light-Aufnahmen mit geringem Bildrauschen<\/p>\t\t\t\t\t\t<\/div>\n\t\t\t\t<\/div>\n\t\t\t\t\t<\/div>\n\t\t<\/div>\n\t\t\t\t\t<\/div>\n\t\t<\/section>\n\t\t\t\t<\/div>\n\t\t","protected":false},"excerpt":{"rendered":"<p>Canon EOS C300 Mark II PL S35\u00a03 Akkus1 Ladeger\u00e4tArri Support2x 128 GB 4K-Bildqualit\u00e4t \/ 10 Bit (4:2:2) \/ ISO bis 102.400 \/ XF-AVC H.264-Codecs Features:&#8211; Interne 4K-Aufzeichnung in hoher Bitrate, externe 4K-RAW-Aufzeichnung&#8211; Dateien mit gro\u00dfem Dynamikumfang &#8211; ideal f\u00fcr die Postproduktion&#8211; Nahtlose Integration in professionelle Workflows&#8211; Zahlreiche Automatikfunktionen f\u00fcr die m\u00fchelose Bedienung durch unabh\u00e4ngige Ein-Mann-Teams&#8211; &#8230; <a title=\"Canon EOS C300 Mark II PL S35 &#8211; D\" class=\"read-more\" href=\"https:\/\/fgv-rental.de\/index.php\/canon-eos-c300-mark-ii-pl-s35-d\/\" aria-label=\"More on Canon EOS C300 Mark II PL S35 &#8211; D\">Read more<\/a><\/p>\n","protected":false},"author":3,"featured_media":0,"parent":0,"menu_order":0,"comment_status":"closed","ping_status":"closed","template":"","meta":{"generate_page_header":"","footnotes":""},"class_list":["post-7919","page","type-page","status-publish"],"aioseo_notices":[],"_links":{"self":[{"href":"https:\/\/fgv-rental.de\/index.php\/wp-json\/wp\/v2\/pages\/7919","targetHints":{"allow":["GET"]}}],"collection":[{"href":"https:\/\/fgv-rental.de\/index.php\/wp-json\/wp\/v2\/pages"}],"about":[{"href":"https:\/\/fgv-rental.de\/index.php\/wp-json\/wp\/v2\/types\/page"}],"author":[{"embeddable":true,"href":"https:\/\/fgv-rental.de\/index.php\/wp-json\/wp\/v2\/users\/3"}],"replies":[{"embeddable":true,"href":"https:\/\/fgv-rental.de\/index.php\/wp-json\/wp\/v2\/comments?post=7919"}],"version-history":[{"count":10,"href":"https:\/\/fgv-rental.de\/index.php\/wp-json\/wp\/v2\/pages\/7919\/revisions"}],"predecessor-version":[{"id":9637,"href":"https:\/\/fgv-rental.de\/index.php\/wp-json\/wp\/v2\/pages\/7919\/revisions\/9637"}],"wp:attachment":[{"href":"https:\/\/fgv-rental.de\/index.php\/wp-json\/wp\/v2\/media?parent=7919"}],"curies":[{"name":"wp","href":"https:\/\/api.w.org\/{rel}","templated":true}]}}