{"id":7746,"date":"2021-03-15T17:45:42","date_gmt":"2021-03-15T16:45:42","guid":{"rendered":"https:\/\/fgv-rental.de\/?page_id=7746"},"modified":"2021-03-26T10:18:35","modified_gmt":"2021-03-26T09:18:35","slug":"sony-a7s-mkii-2","status":"publish","type":"page","link":"https:\/\/fgv-rental.de\/index.php\/sony-a7s-mkii-2\/","title":{"rendered":"Sony A7S MKII"},"content":{"rendered":"\t\t<div data-elementor-type=\"wp-page\" data-elementor-id=\"7746\" class=\"elementor elementor-7746\" data-elementor-post-type=\"page\">\n\t\t\t\t\t\t<section class=\"elementor-section elementor-top-section elementor-element elementor-element-6913981 elementor-section-boxed elementor-section-height-default elementor-section-height-default\" data-id=\"6913981\" data-element_type=\"section\">\n\t\t\t\t\t\t<div class=\"elementor-container elementor-column-gap-default\">\n\t\t\t\t\t<div class=\"elementor-column elementor-col-50 elementor-top-column elementor-element elementor-element-0c9006b\" data-id=\"0c9006b\" data-element_type=\"column\">\n\t\t\t<div class=\"elementor-widget-wrap elementor-element-populated\">\n\t\t\t\t\t\t<div class=\"elementor-element elementor-element-0cc9f87 elementor-widget elementor-widget-text-editor\" data-id=\"0cc9f87\" data-element_type=\"widget\" data-widget_type=\"text-editor.default\">\n\t\t\t\t<div class=\"elementor-widget-container\">\n\t\t\t\t\t\t\t<h2><strong><img fetchpriority=\"high\" decoding=\"async\" class=\"alignnone wp-image-6956 size-large\" src=\"https:\/\/fgv-rental.de\/wp-content\/uploads\/Sony-A7S-MKII-1024x834.jpg\" sizes=\"(max-width: 300px) 100vw, 300px\" srcset=\"https:\/\/fgv-rental.de\/wp-content\/uploads\/Sony-A7S-MKII-300x244.jpg 300w, https:\/\/fgv-rental.de\/wp-content\/uploads\/Sony-A7S-MKII-1024x834.jpg 1024w, https:\/\/fgv-rental.de\/wp-content\/uploads\/Sony-A7S-MKII-768x625.jpg 768w, https:\/\/fgv-rental.de\/wp-content\/uploads\/Sony-A7S-MKII-600x488.jpg 600w, https:\/\/fgv-rental.de\/wp-content\/uploads\/Sony-A7S-MKII.jpg 1500w\" alt=\"\" width=\"1024\" height=\"834\" \/><br \/><\/strong><\/h2><pre><strong>Sony A7S MKII<\/strong><br \/><br \/>3x 64GB Extreme Pro 95mb\/s SDHD Card,<br \/>4x NP-FW50 Battery, <br \/>1x Battery Charger<\/pre>\t\t\t\t\t\t<\/div>\n\t\t\t\t<\/div>\n\t\t\t\t\t<\/div>\n\t\t<\/div>\n\t\t\t\t<div class=\"elementor-column elementor-col-50 elementor-top-column elementor-element elementor-element-5705c92\" data-id=\"5705c92\" data-element_type=\"column\">\n\t\t\t<div class=\"elementor-widget-wrap elementor-element-populated\">\n\t\t\t\t\t\t<div class=\"elementor-element elementor-element-49755a2 elementor-widget elementor-widget-text-editor\" data-id=\"49755a2\" data-element_type=\"widget\" data-widget_type=\"text-editor.default\">\n\t\t\t\t<div class=\"elementor-widget-container\">\n\t\t\t\t\t\t\t<p>Ultra-hoch-Sensitiv mit bis zu ISO 409600* mit geringem Rauschverhalten \u00fcber die ganze ISO-Spanne<br \/>Wide Dynamic Range \u00fcber die komplette ISO-Spanne f\u00fcr weichere Tonwertabstufungen<br \/>eingebautes optisches 5-Achsen-Stabilsierungssystem f\u00fcr erweiterte Aufnahmem\u00f6glichkeiten<br \/>interne 4K Videoaufzeichnung: Volle Pixel-Auslese in Vollformat ohne Pixel Binning<br \/>Breite Palette an professionellen Film-Funktionalit\u00e4ten einschlie\u00dflich S-Gamut3.Cine\/Slog3, neue Gamma Assist-Anzeige, erweiterte Zebra-Funktion, Full HD 120 FPS Aufnahme und 4x\/5x Zeitlupenaufnahme<br \/>High-Speed-AF mit erh\u00f6hter Genauigkeit bei verschiedensten Szenen und erweiterte Aufnahmefunktionen<br \/>*Standard ISO100-102400, erweiterbar zu ISO50-409600<\/p>\t\t\t\t\t\t<\/div>\n\t\t\t\t<\/div>\n\t\t\t\t\t<\/div>\n\t\t<\/div>\n\t\t\t\t\t<\/div>\n\t\t<\/section>\n\t\t\t\t<\/div>\n\t\t","protected":false},"excerpt":{"rendered":"<p>Sony A7S MKII3x 64GB Extreme Pro 95mb\/s SDHD Card,4x NP-FW50 Battery, 1x Battery Charger Ultra-hoch-Sensitiv mit bis zu ISO 409600* mit geringem Rauschverhalten \u00fcber die ganze ISO-SpanneWide Dynamic Range \u00fcber die komplette ISO-Spanne f\u00fcr weichere Tonwertabstufungeneingebautes optisches 5-Achsen-Stabilsierungssystem f\u00fcr erweiterte Aufnahmem\u00f6glichkeiteninterne 4K Videoaufzeichnung: Volle Pixel-Auslese in Vollformat ohne Pixel BinningBreite Palette an professionellen Film-Funktionalit\u00e4ten einschlie\u00dflich &#8230; <a title=\"Sony A7S MKII\" class=\"read-more\" href=\"https:\/\/fgv-rental.de\/index.php\/sony-a7s-mkii-2\/\" aria-label=\"More on Sony A7S MKII\">Read more<\/a><\/p>\n","protected":false},"author":3,"featured_media":0,"parent":0,"menu_order":0,"comment_status":"closed","ping_status":"closed","template":"","meta":{"generate_page_header":"","footnotes":""},"class_list":["post-7746","page","type-page","status-publish"],"aioseo_notices":[],"_links":{"self":[{"href":"https:\/\/fgv-rental.de\/index.php\/wp-json\/wp\/v2\/pages\/7746","targetHints":{"allow":["GET"]}}],"collection":[{"href":"https:\/\/fgv-rental.de\/index.php\/wp-json\/wp\/v2\/pages"}],"about":[{"href":"https:\/\/fgv-rental.de\/index.php\/wp-json\/wp\/v2\/types\/page"}],"author":[{"embeddable":true,"href":"https:\/\/fgv-rental.de\/index.php\/wp-json\/wp\/v2\/users\/3"}],"replies":[{"embeddable":true,"href":"https:\/\/fgv-rental.de\/index.php\/wp-json\/wp\/v2\/comments?post=7746"}],"version-history":[{"count":7,"href":"https:\/\/fgv-rental.de\/index.php\/wp-json\/wp\/v2\/pages\/7746\/revisions"}],"predecessor-version":[{"id":9200,"href":"https:\/\/fgv-rental.de\/index.php\/wp-json\/wp\/v2\/pages\/7746\/revisions\/9200"}],"wp:attachment":[{"href":"https:\/\/fgv-rental.de\/index.php\/wp-json\/wp\/v2\/media?parent=7746"}],"curies":[{"name":"wp","href":"https:\/\/api.w.org\/{rel}","templated":true}]}}