{"id":7531,"date":"2021-03-10T15:21:41","date_gmt":"2021-03-10T14:21:41","guid":{"rendered":"https:\/\/fgv-rental.de\/?page_id=7531"},"modified":"2021-03-30T16:24:01","modified_gmt":"2021-03-30T14:24:01","slug":"arri-alexa-mini-lf","status":"publish","type":"page","link":"https:\/\/fgv-rental.de\/index.php\/arri-alexa-mini-lf\/","title":{"rendered":"ARRI ALEXA MINI LF"},"content":{"rendered":"\t\t<div data-elementor-type=\"wp-page\" data-elementor-id=\"7531\" class=\"elementor elementor-7531\" data-elementor-post-type=\"page\">\n\t\t\t\t\t\t<section class=\"elementor-section elementor-top-section elementor-element elementor-element-6913981 elementor-section-boxed elementor-section-height-default elementor-section-height-default\" data-id=\"6913981\" data-element_type=\"section\">\n\t\t\t\t\t\t<div class=\"elementor-container elementor-column-gap-default\">\n\t\t\t\t\t<div class=\"elementor-column elementor-col-50 elementor-top-column elementor-element elementor-element-0c9006b\" data-id=\"0c9006b\" data-element_type=\"column\">\n\t\t\t<div class=\"elementor-widget-wrap elementor-element-populated\">\n\t\t\t\t\t\t<div class=\"elementor-element elementor-element-cdcb3c8 elementor-widget elementor-widget-image\" data-id=\"cdcb3c8\" data-element_type=\"widget\" data-widget_type=\"image.default\">\n\t\t\t\t<div class=\"elementor-widget-container\">\n\t\t\t\t\t\t\t\t\t\t\t\t\t<img fetchpriority=\"high\" decoding=\"async\" width=\"300\" height=\"300\" src=\"https:\/\/fgv-rental.de\/wp-content\/uploads\/ARRI-Alexa-Mini-LF-camera-body-front-top-Lead-300x300.jpg\" class=\"attachment-medium size-medium wp-image-6847\" alt=\"\" srcset=\"https:\/\/fgv-rental.de\/wp-content\/uploads\/ARRI-Alexa-Mini-LF-camera-body-front-top-Lead-300x300.jpg 300w, https:\/\/fgv-rental.de\/wp-content\/uploads\/ARRI-Alexa-Mini-LF-camera-body-front-top-Lead-150x150.jpg 150w, https:\/\/fgv-rental.de\/wp-content\/uploads\/ARRI-Alexa-Mini-LF-camera-body-front-top-Lead-100x100.jpg 100w, https:\/\/fgv-rental.de\/wp-content\/uploads\/ARRI-Alexa-Mini-LF-camera-body-front-top-Lead.jpg 600w\" sizes=\"(max-width: 300px) 100vw, 300px\" \/>\t\t\t\t\t\t\t\t\t\t\t\t\t<\/div>\n\t\t\t\t<\/div>\n\t\t\t\t<div class=\"elementor-element elementor-element-0cc9f87 elementor-widget elementor-widget-text-editor\" data-id=\"0cc9f87\" data-element_type=\"widget\" data-widget_type=\"text-editor.default\">\n\t\t\t\t<div class=\"elementor-widget-container\">\n\t\t\t\t\t\t\t<pre><strong>ARRI ALEXA MINI LF<\/strong><br \/>LPL to PL Mount<br \/><br \/>EVF\u00a0<br \/>Top Handle<br \/>1 TB Media Storge<br \/>1x Reader <br \/>4x Batteries<br \/>1x Battery Charger<\/pre>\t\t\t\t\t\t<\/div>\n\t\t\t\t<\/div>\n\t\t\t\t\t<\/div>\n\t\t<\/div>\n\t\t\t\t<div class=\"elementor-column elementor-col-50 elementor-top-column elementor-element elementor-element-5705c92\" data-id=\"5705c92\" data-element_type=\"column\">\n\t\t\t<div class=\"elementor-widget-wrap elementor-element-populated\">\n\t\t\t\t\t\t<div class=\"elementor-element elementor-element-49755a2 elementor-widget elementor-widget-text-editor\" data-id=\"49755a2\" data-element_type=\"widget\" data-widget_type=\"text-editor.default\">\n\t\t\t\t<div class=\"elementor-widget-container\">\n\t\t\t\t\t\t\t<p>Large-Format-Sensor ALEV 3 A2X (30,7 x 25,54 mm \/ 4448 x 3096)<br \/>beeindruckender Large-Format-Look<br \/>geringeres Rauschen bei h\u00f6herer nutzbarer Empfindlichkeit<br \/>h\u00f6chster Dynamikbereich aller Produktionskameras<br \/>ARRI-Color-Science f\u00fcr nat\u00fcrliche Hautt\u00f6ne, einfache Farbkorrektur und sauberes VFX<br \/>perfekt f\u00fcr High Dynamic Range (HDR) und Wide Color Gamut (WCG) Displays<\/p>\t\t\t\t\t\t<\/div>\n\t\t\t\t<\/div>\n\t\t\t\t\t<\/div>\n\t\t<\/div>\n\t\t\t\t\t<\/div>\n\t\t<\/section>\n\t\t\t\t<section class=\"elementor-section elementor-top-section elementor-element elementor-element-b5e7b00 elementor-section-boxed elementor-section-height-default elementor-section-height-default\" data-id=\"b5e7b00\" data-element_type=\"section\">\n\t\t\t\t\t\t<div class=\"elementor-container elementor-column-gap-default\">\n\t\t\t\t\t<div class=\"elementor-column elementor-col-100 elementor-top-column elementor-element elementor-element-8505938\" data-id=\"8505938\" data-element_type=\"column\">\n\t\t\t<div class=\"elementor-widget-wrap elementor-element-populated\">\n\t\t\t\t\t\t<div class=\"elementor-element elementor-element-d23fdba elementor-widget elementor-widget-toggle\" data-id=\"d23fdba\" data-element_type=\"widget\" data-widget_type=\"toggle.default\">\n\t\t\t\t<div class=\"elementor-widget-container\">\n\t\t\t\t\t<div class=\"elementor-toggle\">\n\t\t\t\t\t\t\t<div class=\"elementor-toggle-item\">\n\t\t\t\t\t<div id=\"elementor-tab-title-2201\" class=\"elementor-tab-title\" data-tab=\"1\" role=\"button\" aria-controls=\"elementor-tab-content-2201\" aria-expanded=\"false\">\n\t\t\t\t\t\t\t\t\t\t\t\t<span class=\"elementor-toggle-icon elementor-toggle-icon-left\" aria-hidden=\"true\">\n\t\t\t\t\t\t\t\t\t\t\t\t\t\t\t<span class=\"elementor-toggle-icon-closed\"><i class=\"fas fa-caret-right\"><\/i><\/span>\n\t\t\t\t\t\t\t\t<span class=\"elementor-toggle-icon-opened\"><i class=\"elementor-toggle-icon-opened fas fa-caret-up\"><\/i><\/span>\n\t\t\t\t\t\t\t\t\t\t\t\t\t<\/span>\n\t\t\t\t\t\t\t\t\t\t\t\t<a class=\"elementor-toggle-title\" tabindex=\"0\">Aditional Accessories<\/a>\n\t\t\t\t\t<\/div>\n\n\t\t\t\t\t<div id=\"elementor-tab-content-2201\" class=\"elementor-tab-content elementor-clearfix\" data-tab=\"1\" role=\"region\" aria-labelledby=\"elementor-tab-title-2201\"><table id=\"tablepress-1\" class=\"tablepress tablepress-id-1 dataTable no-footer\" role=\"grid\"><tbody><tr class=\"row-2 row-highlight-h3gr even\" role=\"row\"><td class=\"column-2\"><strong>ALEXA LF MINI<\/strong><\/td><td class=\"column-3\">\u00a0<\/td><\/tr><tr class=\"row-3 odd\" role=\"row\"><td class=\"column-2\">Codex 1 TB compact drive<\/td><td class=\"column-3\">\u00a0<\/td><\/tr><tr class=\"row-4 even\" role=\"row\"><td class=\"column-2\">Codex 2 TB compact drive<\/td><\/tr><\/tbody><\/table><\/div>\n\t\t\t\t<\/div>\n\t\t\t\t\t\t\t\t<\/div>\n\t\t\t\t<\/div>\n\t\t\t\t<\/div>\n\t\t\t\t\t<\/div>\n\t\t<\/div>\n\t\t\t\t\t<\/div>\n\t\t<\/section>\n\t\t\t\t<\/div>\n\t\t","protected":false},"excerpt":{"rendered":"<p>ARRI ALEXA MINI LFLPL to PL MountEVF\u00a0Top Handle1 TB Media Storge1x Reader 4x Batteries1x Battery Charger Large-Format-Sensor ALEV 3 A2X (30,7 x 25,54 mm \/ 4448 x 3096)beeindruckender Large-Format-Lookgeringeres Rauschen bei h\u00f6herer nutzbarer Empfindlichkeith\u00f6chster Dynamikbereich aller ProduktionskamerasARRI-Color-Science f\u00fcr nat\u00fcrliche Hautt\u00f6ne, einfache Farbkorrektur und sauberes VFXperfekt f\u00fcr High Dynamic Range (HDR) und Wide Color Gamut (WCG) &#8230; <a title=\"ARRI ALEXA MINI LF\" class=\"read-more\" href=\"https:\/\/fgv-rental.de\/index.php\/arri-alexa-mini-lf\/\" aria-label=\"More on ARRI ALEXA MINI LF\">Read more<\/a><\/p>\n","protected":false},"author":3,"featured_media":0,"parent":0,"menu_order":0,"comment_status":"closed","ping_status":"closed","template":"","meta":{"generate_page_header":"","footnotes":""},"class_list":["post-7531","page","type-page","status-publish"],"aioseo_notices":[],"_links":{"self":[{"href":"https:\/\/fgv-rental.de\/index.php\/wp-json\/wp\/v2\/pages\/7531","targetHints":{"allow":["GET"]}}],"collection":[{"href":"https:\/\/fgv-rental.de\/index.php\/wp-json\/wp\/v2\/pages"}],"about":[{"href":"https:\/\/fgv-rental.de\/index.php\/wp-json\/wp\/v2\/types\/page"}],"author":[{"embeddable":true,"href":"https:\/\/fgv-rental.de\/index.php\/wp-json\/wp\/v2\/users\/3"}],"replies":[{"embeddable":true,"href":"https:\/\/fgv-rental.de\/index.php\/wp-json\/wp\/v2\/comments?post=7531"}],"version-history":[{"count":17,"href":"https:\/\/fgv-rental.de\/index.php\/wp-json\/wp\/v2\/pages\/7531\/revisions"}],"predecessor-version":[{"id":10556,"href":"https:\/\/fgv-rental.de\/index.php\/wp-json\/wp\/v2\/pages\/7531\/revisions\/10556"}],"wp:attachment":[{"href":"https:\/\/fgv-rental.de\/index.php\/wp-json\/wp\/v2\/media?parent=7531"}],"curies":[{"name":"wp","href":"https:\/\/api.w.org\/{rel}","templated":true}]}}